t is the remainder when 27 is divided by o(-13)?
7
Suppose 3*v - 93 = -4*i + 136, -77 = -v - 2*i. Calculate the remainder when v is divided by 19.
18
Let i(c) = -5*c - 6. What is the remainder when i(-4) is divided by 5?
4
Suppose -5*z + 520 = 5*o, 2*o + 5*z = 45 + 172. What is the remainder when o is divided by 26?
23
Suppose -3*r - 39 = -3*l, -4*l + 3*r + 28 = -2*l. What is the remainder when 43 is divided by l?
10
Suppose 35*v = 37*v - 10. What is the remainder when 43 is divided by v?
3
Let l(p) = -3*p - 12. Suppose 3 + 2 = k. Let f(b) = 2*b - 6. What is the remainder when l(-6) is divided by f(k)?
2
Suppose 0 = -2*z + 4*c + 60, c = z - 5*z + 84. What is the remainder when z is divided by (48/(-20))/((-3)/15)?
10
Suppose 0*v + 2*v = 2. Suppose -4*j + v = -11. Suppose -d - 5*n = -6, -n = -j*d - d + 24. Calculate the remainder when 16 is divided by d.
4
Suppose 0 = -n + o + 82, -30 + 5 = 5*o. Let u = n - 41. Calculate the remainder when u is divided by 13.
10
Let w(t) be the third derivative of -t**4/8 + t**3/6 + 2*t**2. Calculate the remainder when 74 is divided by w(-8).
24
Let i be (0 - (-2 - -4)) + -2. Let u(m) = 7*m - 3. What is the remainder when u(5) is divided by (22/i)/((-4)/8)?
10
Suppose 0*c + 2*c = 8. Let i = 6 - c. Suppose 3*z - 14 = i*z. Calculate the remainder when 27 is divided by z.
13
Suppose -4*z = 5*v - 54, z + 60 = -v + 5*v. Let h = v + -13. What is the remainder when h is divided by 1?
0
Let s be (-2)/(-2) + 40/2. Suppose 7*m - 2*m = -4*t + s, 3*m - 7 = -t. Suppose -t*b + 2*b = -28. Calculate the remainder when b is divided by 8.
6
Let w(h) = -7*h + 3. Let b(q) = 6*q - 3. Let v be 7 + (1 + 2)*-1. Let d(k) = v*w(k) + 5*b(k). What is the remainder when 27 is divided by d(9)?
12
Let c = -75 - -140. Suppose 7*f = -12*f + 323. What is the remainder when c is divided by f?
14
Suppose 0 = 2*m - 3*m + 7. Suppose -m = -4*u - 51. Let x = -7 - u. What is the remainder when x is divided by 3?
1
Let t = 15 - 19. Calculate the remainder when (-59)/t - (-21)/(-28) is divided by 6.
2
Let q(h) = 2*h**2 - 3*h + 6. Let t be q(6). Suppose 3*r = 8*r - t. What is the remainder when 23 is divided by r?
11
Suppose 5*o + 2*r - 145 = -3*r, 4*o = 5*r + 89. Calculate the remainder when 75 is divided by o.
23
Suppose -2 + 14 = 3*i. Calculate the remainder when 21 is divided by i.
1
Let v = -276 + 407. What is the remainder when v is divided by 6?
5
Let b(o) = o + 4. What is the remainder when b(2) is divided by 3?
0
Let i be 4/(-3)*(-5 + 2). Calculate the remainder when 23 is divided by -2 - i/2 - -12.
7
Let w = -4 - -5. Suppose -2*q - 12 = -6*q. Suppose 8*l - 5 = q*l. What is the remainder when l is divided by w?
0
Let n(u) = -u**2 + 9*u - 3. Let r be n(6). Suppose -3*l + r = 3. What is the remainder when 7 is divided by l?
3
Let v(z) = 2*z - 2. Let j be v(1). Suppose j = -2*l - 2*l + 20. Suppose 7 = -3*r - 2, 5*u + 3*r - 1 = 0. What is the remainder when l is divided by u?
1
Let v = -10 + 61. Calculate the remainder when v is divided by 18.
15
Suppose 2*w + 164 = 3*a + 13, 52 = a - w. What is the remainder when a is divided by 14?
5
Let q(f) = -f + 1. Let m = -8 - -5. Let k be q(m). Let b(h) = 2*h**2 - 6*h + 2. Calculate the remainder when 19 is divided by b(k).
9
Let v(a) = -a**3 + 8*a**2 + a + 5. Suppose 5*n - 444 = -14. Suppose 4*s - n = 6. What is the remainder when s is divided by v(8)?
10
Let t(x) be the third derivative of -x**5/60 - 11*x**4/24 - 3*x**3/2 + 3*x**2. What is the remainder when 2 is divided by t(-10)?
0
Let q(u) = u**3 - 13*u**2 - 9*u - 14. Calculate the remainder when q(14) is divided by 15.
11
Let m = -52 + 78. Suppose -4*h + 6 = -m. Suppose -2*t - t + 92 = -k, -5*k = 3*t - 62. Calculate the remainder when t is divided by h.
5
Suppose -5*m + 484 = -1191. Calculate the remainder when m is divided by 26.
23
Let z be 3 - 3/(1 + 2). Suppose w + 3 = 0, -z*l - w + 6 = l. What is the remainder when 8 is divided by l?
2
Suppose -p = 4*r - 59, -3*r + 0*r + 58 = -2*p. Let v = 36 - 19. Let f = -11 + v. Calculate the remainder when r is divided by f.
4
Suppose 2*m - 5*z - 67 = 0, z - 1 - 100 = -4*m. Suppose m = -4*p + 6. Let h = 0 - p. Calculate the remainder when h is divided by 3.
2
What is the remainder when 78 is divided by (-14)/4 - -4 - 14/(-4)?
2
Let n(w) = -w**3 - 13*w**2 - 12*w + 5. Let u be (-21)/(-7) - (-1 + 16). What is the remainder when 13 is divided by n(u)?
3
Let i(n) be the first derivative of 7*n**2/2 + 2*n + 2. Calculate the remainder when i(3) is divided by 6.
5
Let d(u) = 2*u**2 + 5*u - 1. Let j be d(-5). Let p = j + -10. Calculate the remainder when 41 is divided by p.
13
Suppose -p - 2*b = -3, -5*b + 7 = 4*p - 5. Calculate the remainder when -1 + 2*(-5)/(-2) is divided by p.
1
Suppose 2*v + 0*x = 5*x + 141, 186 = 2*v + 4*x. Calculate the remainder when v/2 + 5/(-10) is divided by (-2)/4 - (-58)/4.
13
Suppose 0 = -2*x + 2 + 16. What is the remainder when 16 is divided by x?
7
Let u(i) = 12*i + 28*i + 36*i. Let z be u(-1). What is the remainder when 55 is divided by z/6*(-6)/4?
17
Let u = 24 - 11. What is the remainder when u is divided by 1/2 + 9/2?
3
What is the remainder when 1 - (-4 + 3)*23 is divided by (-148)/(-16) + (-1)/4?
6
What is the remainder when 24 is divided by (-36)/(-2)*6/12?
6
Let f(j) = -3*j - 13. Suppose 5*i + 20 = 3*i. What is the remainder when f(i) is divided by 9?
8
Let z be -2*2*(-1)/(-2). Calculate the remainder when 61 is divided by z + (-5)/((-10)/36).
13
Calculate the remainder when 45 is divided by 2/9 - (-212)/18.
9
Suppose -7*h - 185 = -12*h. Calculate the remainder when h is divided by 20.
17
Let y(j) be the second derivative of j**5/20 - 5*j**4/6 - 5*j**3/3 + 5*j**2/2 + 2*j. Calculate the remainder when 48 - 2 - 0 - 0 is divided by y(11).
14
Let g(i) be the second derivative of 0 + 5/6*i**3 + 1/20*i**5 - 2*i + i**2 + 1/2*i**4. What is the remainder when 4 is divided by g(-5)?
0
Suppose 4*v - 50 + 6 = 0. Let l = v + 7. Calculate the remainder when 53 is divided by l.
17
Let w = -5 - -20. Let c(b) = -36*b + 1. Let f be c(-1). Let z = -8 + f. What is the remainder when z is divided by w?
14
Suppose 4*h - 5 = -1, -3*o - 2*h = -14. Let t = o - 4. Suppose t = -a - 4*a + 70. Calculate the remainder when 53 is divided by a.
11
Let t(f) = -f - 2. What is the remainder when 17 is divided by t(-7)?
2
Let d(s) be the second derivative of 7*s**3/2 - 7*s**2/2 + 7*s. Calculate the remainder when d(2) is divided by 18.
17
Suppose -5*n = -4*d - 0*n - 7, 0 = 5*d - 2*n - 4. What is the remainder when 7 is divided by d?
1
Suppose 3*c = -5*r + 96, -r - c + 8 + 12 = 0. Let g = r - -8. Calculate the remainder when 51 is divided by g.
25
Suppose 2*v = -5*x + 4*v + 284, 0 = 2*x - 3*v - 118. Suppose 0 = -2*q - 2*q - 4*t + x, q = 5*t + 26. What is the remainder when q is divided by 6?
4
Let r(z) = z**2 + 14*z + 15. Let p be r(-9). Let q = -7 - p. Calculate the remainder when q is divided by 12.
11
Suppose -17*l - 208 = -21*l. Calculate the remainder when l is divided by 18.
16
Let i(r) = -r**2 - r + 1. Let h(b) = -3*b**2 - 11*b + 9. Let y(f) = -h(f) + 4*i(f). Calculate the remainder when 13 is divided by y(4).
6
Suppose -52 = s - 6. Let w = 82 + s. What is the remainder when w is divided by 13?
10
Let n = 13 + 68. Suppose -3*r = w - 5*r - n, -2*r = 10. Suppose 0 = -2*h + 27 + w. What is the remainder when h is divided by 17?
15
Suppose 0*h + 118 = 2*h + 5*i, 5*h + 5*i - 295 = 0. What is the remainder when h is divided by 23?
13
Let h = -15 - -24. Suppose -7 = -4*q + h. Suppose -135 = -q*w - w. Calculate the remainder when w is divided by 7.
6
Let z(j) = 4*j**2 + j - 3. Calculate the remainder when z(-3) is divided by 8*4*(-2)/(-4).
14
Let z(x) = -x**3 + 18*x**2 - 15*x - 17. Calculate the remainder when z(17) is divided by 3.
2
Let w be -3*(-6)/27*3. Suppose 100 = 7*i - w*i. Calculate the remainder when i is divided by 7.
6
Let b = 0 + 3. Suppose -17 - 22 = -b*r. What is the remainder when ((-4)/(-10))/(3/180) is divided by r?
11
Let q(z) = 105*z - 4. What is the remainder when q(1) is divided by 26?
23
Let i(z) = z**2 + 2*z + 4. Let f = -632 + 655. Calculate the remainder when f is divided by i(-4).
11
Let s(f) = -f**3 + f + 2. Let t be s(0). Let r = t - -3. Suppose 2*j - 15 = r. What is the remainder w